 is the greatest common divisor of 57 and 4018191?
3
What is the highest common divisor of 5014 and 3138212?
46
Calculate the greatest common factor of 760 and 6074433.
19
Calculate the highest common divisor of 41257704 and 192.
24
Calculate the greatest common divisor of 28266 and 5586.
42
What is the highest common factor of 538715594 and 1186?
1186
What is the greatest common factor of 24393 and 52165209?
519
Calculate the greatest common divisor of 425 and 101158075.
425
What is the highest common divisor of 26097 and 20025?
3
Calculate the greatest common factor of 19941429 and 267.
267
What is the highest common factor of 1035108 and 1836?
36
What is the highest common divisor of 621584 and 41552?
848
What is the greatest common divisor of 1496 and 5793260?
748
Calculate the greatest common divisor of 768 and 3583596.
12
Calculate the greatest common divisor of 270 and 86268348.
54
What is the highest common divisor of 34028332 and 6?
2
Calculate the highest common divisor of 3236 and 59764875.
809
Calculate the greatest common divisor of 2868678 and 45.
9
What is the greatest common divisor of 2736 and 9723456?
144
Calculate the greatest common divisor of 3677946 and 1968.
246
Calculate the highest common factor of 2842 and 221448640.
2842
Calculate the greatest common factor of 128 and 47724992.
64
What is the greatest common divisor of 2045 and 6692467?
409
Calculate the highest common factor of 92500 and 231805.
185
Calculate the greatest common divisor of 7041872 and 527936.
1168
What is the greatest common divisor of 624 and 46959562?
26
What is the greatest common divisor of 2164 and 3913594?
1082
Calculate the greatest common factor of 2629627 and 1772078.
2849
Calculate the highest common factor of 18 and 47593314.
18
Calculate the greatest common divisor of 7277 and 1169944.
19
What is the highest common divisor of 680302260 and 3672?
1836
What is the greatest common divisor of 34846548 and 89472?
2796
Calculate the highest common factor of 5232 and 2896457.
109
What is the greatest common divisor of 28096 and 3976?
8
Calculate the greatest common factor of 648 and 5203035.
81
What is the greatest common divisor of 486450 and 133690950?
10350
Calculate the highest common divisor of 30072 and 56112.
168
Calculate the greatest common divisor of 18582225 and 1230.
615
Calculate the highest common divisor of 5136550 and 250.
50
What is the greatest common factor of 8211 and 19923099?
357
What is the greatest common factor of 1100 and 18984100?
100
Calculate the highest common divisor of 4491 and 30230.
1
Calculate the highest common factor of 45704646 and 702.
234
What is the highest common divisor of 5170 and 5447530?
110
Calculate the greatest common divisor of 20162012 and 344.
172
What is the highest common divisor of 118656 and 46659?
309
Calculate the highest common factor of 9805515 and 20655.
255
What is the highest common factor of 278 and 10873136?
278
What is the highest common divisor of 868 and 99442916?
124
Calculate the greatest common factor of 16 and 833927.
1
Calculate the highest common factor of 20116007 and 163530.
1817
What is the greatest common divisor of 581258 and 17457353?
1783
Calculate the highest common divisor of 153441432 and 64.
8
Calculate the highest common divisor of 23644 and 85744.
92
Calculate the highest common factor of 12265739 and 62.
31
What is the greatest common factor of 3120023 and 115988?
271
What is the greatest common divisor of 399090373 and 62?
31
What is the highest common divisor of 444 and 309436476?
444
What is the highest common divisor of 445812 and 735066?
582
Calculate the highest common divisor of 3624 and 2486688.
24
What is the highest common factor of 42960 and 179?
179
Calculate the highest common factor of 250950381 and 12177.
1353
Calculate the greatest common factor of 464100 and 8092.
476
What is the greatest common divisor of 39055 and 4946845?
365
What is the greatest common divisor of 1462890 and 651?
93
What is the highest common divisor of 5866390 and 15?
5
Calculate the highest common factor of 245241501 and 59610.
5961
Calculate the highest common divisor of 68166 and 16758.
126
Calculate the greatest common factor of 345904 and 11216.
16
What is the highest common factor of 240 and 398031440?
80
Calculate the greatest common factor of 281984018 and 556.
278
Calculate the greatest common factor of 328 and 63536716.
164
Calculate the greatest common factor of 2717775 and 1064550.
3525
What is the greatest common factor of 105 and 745350585?
105
Calculate the highest common factor of 3 and 57118983.
3
Calculate the greatest common factor of 444 and 17356256.
148
What is the greatest common factor of 9211 and 24034?
61
Calculate the greatest common factor of 70890 and 521390.
170
What is the highest common factor of 4212 and 591588?
36
What is the greatest common factor of 9125587 and 15353?
1181
Calculate the highest common divisor of 3200 and 2310368.
32
What is the greatest common factor of 257684 and 1288?
28
What is the greatest common divisor of 19419 and 47621861?
6473
What is the greatest common divisor of 1469 and 752128?
1469
What is the greatest common divisor of 120785 and 13945253?
833
Calculate the greatest common factor of 174 and 3770658.
6
What is the highest common divisor of 51 and 42246853?
17
What is the highest common divisor of 192888 and 175256?
152
Calculate the highest common factor of 625738240 and 5120.
2560
Calculate the greatest common divisor of 168294 and 110264626.
8014
Calculate the greatest common factor of 7076300 and 42350.
3850
What is the greatest common factor of 3893 and 1579708?
17
What is the highest common divisor of 10452655 and 1298385?
13115
What is the highest common divisor of 105455 and 575?
115
Calculate the greatest common factor of 18985 and 16216987.
3797
What is the highest common factor of 6297191 and 289?
17
Calculate the highest common divisor of 3229983 and 115413.
1581
Calculate the greatest common divisor of 52439 and 4045477.
1279
Calculate the greatest common factor of 12428 and 1767883.
3107
Calculate the greatest common divisor of 8126848 and 8.
8
Calculate the highest common factor of 4247274 and 44114.
274
What is the greatest common divisor of 860517342 and 3?
3
What is the greatest common factor of 49 and 103616429?
49
Calculate the greatest common divisor of 460 and 6765220.
460
What is the greatest common factor of 10419390 and 120?
30
What is the highest common divisor of 44803132 and 242?
22
What is the greatest common divisor of 25376 and 11361311?
793
Calculate the highest common divisor of 3998368 and 1347984.
6512
What is the highest common divisor of 3800204 and 4544?
284
What is the highest common divisor of 7338268 and 224?
28
What is the highest common factor of 621383376 and 834?
834
Calculate the greatest common divisor of 99072 and 6327192.
1032
What is the greatest common factor of 23520 and 926541?
147
What is the greatest common divisor of 504 and 41606280?
72
What is the highest common divisor of 950084641 and 22?
11
What is the highest common factor of 12131478 and 369954?
1674
What is the highest common divisor of 1132194 and 7987?
49
Calculate the greatest common factor of 13810953 and 11271.
663
Calculate the greatest common factor of 44 and 7450474240.
44
Calculate the highest common divisor of 264 and 118129737.
33
What is the highest common divisor of 305 and 63951485?
305
Calculate the highest common divisor of 4342044 and 6636.
84
Calculate the greatest common factor of 152 and 178049.
19
What is the highest common factor of 7506 and 133627650?
834
Calculate the highest common factor of 1141428 and 14016.
876
What is the highest common divisor of 7970430 and 3120?
390
What is the greatest common divisor of 45440 and 5506760?
2840
Calculate the greatest common factor of 1044375 and 90791.
557
What is the greatest common divisor of 1220 and 401596855?
305
What is the greatest common divisor of 6654418 and 4944?
206
Calculate the highest common divisor of 5359 and 4399739.
5359
Calculate the greatest common factor of 14479000 and 7000.
1000
Calculate the highest common divisor of 10018938 and 26070.
474
What is the greatest common factor of 20567104 and 54320?
